
{"id":422,"date":"2023-02-25T02:10:48","date_gmt":"2023-02-25T02:10:48","guid":{"rendered":"https:\/\/kig2018.kig-giessen.de\/?page_id=422"},"modified":"2024-06-26T08:56:51","modified_gmt":"2024-06-26T08:56:51","slug":"ya-hozna","status":"publish","type":"page","link":"https:\/\/kig2018.kig-giessen.de\/?page_id=422","title":{"rendered":"YA HOZNA"},"content":{"rendered":"\n<figure class=\"wp-block-image size-large\"><img loading=\"lazy\" decoding=\"async\" width=\"723\" height=\"1024\" src=\"https:\/\/kig2018.kig-giessen.de\/wp-content\/uploads\/2024\/04\/Plakat-2024-1-723x1024.jpg\" alt=\"\" class=\"wp-image-549\" srcset=\"https:\/\/kig2018.kig-giessen.de\/wp-content\/uploads\/2024\/04\/Plakat-2024-1-723x1024.jpg 723w, https:\/\/kig2018.kig-giessen.de\/wp-content\/uploads\/2024\/04\/Plakat-2024-1-212x300.jpg 212w, https:\/\/kig2018.kig-giessen.de\/wp-content\/uploads\/2024\/04\/Plakat-2024-1-768x1087.jpg 768w, https:\/\/kig2018.kig-giessen.de\/wp-content\/uploads\/2024\/04\/Plakat-2024-1-1085x1536.jpg 1085w, https:\/\/kig2018.kig-giessen.de\/wp-content\/uploads\/2024\/04\/Plakat-2024-1.jpg 1235w\" sizes=\"auto, (max-width: 723px) 100vw, 723px\" \/><\/figure>\n\n\n\n<p class=\"has-medium-font-size\"><strong>YA-HOZNA<\/strong> ist das Sommerfest der Kulturinitiative Gie\u00dfen &#8211; ein Open Air mit zwei Tagen Live-Musik, bei dem haupts\u00e4chlich Bands auftreten, die in den R\u00e4umen der<strong> KiG<\/strong> proben. <\/p>\n\n\n\n<p class=\"has-medium-font-size\"><strong>Der Eintritt ist kostenlos.<\/strong><\/p>\n\n\n\n<div class=\"wp-block-media-text alignwide is-stacked-on-mobile\" style=\"grid-template-columns:15% auto\"><figure class=\"wp-block-media-text__media\"><img loading=\"lazy\" decoding=\"async\" width=\"200\" height=\"200\" src=\"https:\/\/kig2018.kig-giessen.de\/wp-content\/uploads\/2024\/04\/kig_logo-1.png\" alt=\"\" class=\"wp-image-573 size-full\" srcset=\"https:\/\/kig2018.kig-giessen.de\/wp-content\/uploads\/2024\/04\/kig_logo-1.png 200w, https:\/\/kig2018.kig-giessen.de\/wp-content\/uploads\/2024\/04\/kig_logo-1-150x150.png 150w\" sizes=\"auto, (max-width: 200px) 100vw, 200px\" \/><\/figure><div class=\"wp-block-media-text__content\">\n<p><strong>Veranstaltungsort: <\/strong>Netanyasta\u00dfe 2, Europaviertel, Gie\u00dfen<\/p>\n<\/div><\/div>\n\n\n\n<p class=\"has-medium-font-size\"><strong>Im Jahr 2024 fand YA HOZNA am Freitag, dem 21.06. und Samstag, dem 22.06. <\/strong>statt. Am Samstagnachmittag gab es auch diesmal wieder ein besonderes Rahmenprogramm f\u00fcr Kinder. <\/p>\n\n\n\n<p class=\"has-medium-font-size\">Am <strong>Freitag ab 18:00 Uhr<\/strong> spielten 4 Bands, danach Aftershow mit DJs Herr Paschulke und u.n.c.l.e.<\/p>\n\n\n\n<p class=\"has-medium-font-size\">Am <strong>Samstag ab 15:00 Uhr<\/strong> gab es einen Familiennachmittag mit Mitmachkonzert und dem Papiertheater &#8222;Kleine Auszeit&#8220;, danach <strong>Abendprogramm<\/strong> mit 5 Bands und Aftershow mit DJs Herr Paschulke und u.n.c.l.e.<\/p>\n\n\n\n<hr class=\"wp-block-separator has-alpha-channel-opacity\"\/>\n\n\n\n<p>Das Programm im Einzelnen:<\/p>\n\n\n\n<p class=\"has-large-font-size\"><strong>Freitag 21.6.2024, Einlass 18:00 Uhr<\/strong><\/p>\n\n\n\n<p class=\"has-medium-font-size\">Es spielten:<\/p>\n\n\n\n<div class=\"wp-block-media-text alignwide has-media-on-the-right is-stacked-on-mobile\"><div class=\"wp-block-media-text__content\">\n<p><strong>Ackerdemica <\/strong>(Punk)<\/p>\n\n\n\n<p>gibt es seit \u00fcber \u00fcber 20 Jahren<br>AckerDemica sind zu viert.<br>AckerDemica haben einen universit\u00e4ren Abschluss.<br>AckerDemica wissen ganz genau, wo ein Hammer h\u00e4ngen sollte.<br>AckerDemica spielen zeitlose Klassiker, die noch niemand geh\u00f6rt hat.<\/p>\n<\/div><figure class=\"wp-block-media-text__media\"><img loading=\"lazy\" decoding=\"async\" width=\"1024\" height=\"560\" src=\"https:\/\/kig2018.kig-giessen.de\/wp-content\/uploads\/2024\/04\/ackerdemica-1024x560.png\" alt=\"\" class=\"wp-image-579 size-full\" srcset=\"https:\/\/kig2018.kig-giessen.de\/wp-content\/uploads\/2024\/04\/ackerdemica-1024x560.png 1024w, https:\/\/kig2018.kig-giessen.de\/wp-content\/uploads\/2024\/04\/ackerdemica-300x164.png 300w, https:\/\/kig2018.kig-giessen.de\/wp-content\/uploads\/2024\/04\/ackerdemica-768x420.png 768w, https:\/\/kig2018.kig-giessen.de\/wp-content\/uploads\/2024\/04\/ackerdemica-1536x839.png 1536w, https:\/\/kig2018.kig-giessen.de\/wp-content\/uploads\/2024\/04\/ackerdemica.png 1601w\" sizes=\"auto, (max-width: 1024px) 100vw, 1024px\" \/><\/figure><\/div>\n\n\n\n<div class=\"wp-block-media-text alignwide is-stacked-on-mobile is-vertically-aligned-top\" style=\"grid-template-columns:49% auto\"><figure class=\"wp-block-media-text__media\"><img loading=\"lazy\" decoding=\"async\" width=\"591\" height=\"296\" src=\"https:\/\/kig2018.kig-giessen.de\/wp-content\/uploads\/2024\/04\/brain_heck_sm.jpg\" alt=\"\" class=\"wp-image-580 size-full\" srcset=\"https:\/\/kig2018.kig-giessen.de\/wp-content\/uploads\/2024\/04\/brain_heck_sm.jpg 591w, https:\/\/kig2018.kig-giessen.de\/wp-content\/uploads\/2024\/04\/brain_heck_sm-300x150.jpg 300w\" sizes=\"auto, (max-width: 591px) 100vw, 591px\" \/><\/figure><div class=\"wp-block-media-text__content\">\n<p><strong>Brain Heck<\/strong> (Post Grunge)<\/p>\n\n\n\n<p>Der Name bedeutet \u00fcbersetzt so etwas wie : &#8222;Gehirn Chaos&#8220; oder auch &#8222;Teufel im Hirn&#8220;.Stilistisch ist Brain Heck in der 90er Jahre (Post)Grunge \u00c4ra zuhause, am Besten zu beschreiben ist der Sound als eine Mischung aus &#8222;Stone Temple Pilots&#8220;, &#8222;Alice in Chains&#8220; und &#8222;Pearl Jam&#8220;, mit groovigen Drums, tightem Bass, zwei sich abwechselnden Lead Gitarren und einem melodisch melancholischem Gesang.<\/p>\n<\/div><\/div>\n\n\n\n<div class=\"wp-block-media-text alignwide has-media-on-the-right is-stacked-on-mobile is-vertically-aligned-top\" style=\"grid-template-columns:auto 48%\"><div class=\"wp-block-media-text__content\">\n<p><strong>Lima Pale<\/strong> (Alternative)<\/p>\n\n\n\n<p>Um eine Schublade zu nennen, kann man die 4-k\u00f6pfige Band LIMA PALE aus Gie\u00dfen grunds\u00e4tzlich dem Alternative\/Indie Rock zuordnen. Weil ihnen Schubladen in der Musik aber schnell zu eng werden, findet man in ihrer Musik noch soviel mehr. Im Vordergund steht immer der Song und die Leidenschaft. Dabei werden die Songs meist mehrstimmig gesungen &#8211; mal treibend nach vorne, mal sanft und feinf\u00fchlig. Die Musik zielt in erster Linie auf das Gef\u00fchl ab!<\/p>\n<\/div><figure class=\"wp-block-media-text__media\"><img loading=\"lazy\" decoding=\"async\" width=\"649\" height=\"433\" src=\"https:\/\/kig2018.kig-giessen.de\/wp-content\/uploads\/2024\/04\/LIMA-PALE_sm.jpg\" alt=\"\" class=\"wp-image-581 size-full\" srcset=\"https:\/\/kig2018.kig-giessen.de\/wp-content\/uploads\/2024\/04\/LIMA-PALE_sm.jpg 649w, https:\/\/kig2018.kig-giessen.de\/wp-content\/uploads\/2024\/04\/LIMA-PALE_sm-300x200.jpg 300w\" sizes=\"auto, (max-width: 649px) 100vw, 649px\" \/><\/figure><\/div>\n\n\n\n<p><strong>Beyond Fading Dreams <\/strong>(Metalcore)<\/p>\n\n\n\n<p>Die Band bewegt sich genretechnisch irgendwo zwischen Metalcore, Post-Hardcore &amp; Modern Metal. Sie streben sowohl musikalisch als auch textlich danach, leidenschaftliche Emotionen und Gedanken auszudr\u00fccken. In der kurzen Zeit, in der sie als Live-Band performen, teilten sie bereits die B\u00fchne mit Acts wie From Fall To Spring, Call It Tragedy und The Butcher Sisters. Sie schreien und feuern ihre Message heraus: mitten in einer kaputten Welt die eigene Stimme zu finden und niemals den hoffnungsvollen Blick auf ein besseres Morgen zu verlieren. Beyond Fading Dreams bietet eine explosive Mischung aus w\u00fctenden Screams, energiegeladenem Drumming, kraftvollen Breakdowns und mitrei\u00dfenden, melodischen Riffs \u2013 Musik zum Tr\u00e4umen und Moshen.<\/p>\n\n\n\n<figure class=\"wp-block-image size-full is-resized\"><img loading=\"lazy\" decoding=\"async\" src=\"https:\/\/kig2018.kig-giessen.de\/wp-content\/uploads\/2024\/04\/BFD_sm-2.jpg\" alt=\"\" class=\"wp-image-590\" width=\"841\" height=\"561\" srcset=\"https:\/\/kig2018.kig-giessen.de\/wp-content\/uploads\/2024\/04\/BFD_sm-2.jpg 547w, https:\/\/kig2018.kig-giessen.de\/wp-content\/uploads\/2024\/04\/BFD_sm-2-300x200.jpg 300w\" sizes=\"auto, (max-width: 841px) 100vw, 841px\" \/><\/figure>\n\n\n\n<div class=\"wp-block-media-text alignwide is-stacked-on-mobile\" style=\"grid-template-columns:18% auto\"><figure class=\"wp-block-media-text__media\"><img loading=\"lazy\" decoding=\"async\" width=\"425\" height=\"425\" src=\"https:\/\/kig2018.kig-giessen.de\/wp-content\/uploads\/2024\/04\/jazzyourazz.png\" alt=\"\" class=\"wp-image-569 size-full\" srcset=\"https:\/\/kig2018.kig-giessen.de\/wp-content\/uploads\/2024\/04\/jazzyourazz.png 425w, https:\/\/kig2018.kig-giessen.de\/wp-content\/uploads\/2024\/04\/jazzyourazz-300x300.png 300w, https:\/\/kig2018.kig-giessen.de\/wp-content\/uploads\/2024\/04\/jazzyourazz-150x150.png 150w\" sizes=\"auto, (max-width: 425px) 100vw, 425px\" \/><\/figure><div class=\"wp-block-media-text__content\">\n<p><strong>anschlie\u00dfend Aftershow Party<\/strong> mit den <strong>DJs Herr Paschulke<\/strong> und <strong>u.n.c.l.e <\/strong> <\/p>\n\n\n\n<p>Plattensammler und Connoisseure, Teil der legend\u00e4ren Soul Trinity. Sie waren im Team in der Vergangenheit zu h\u00f6ren und sehen in Marburg, Fulda, Frankfurt, Berlin und Gie\u00dfen (Jazz your Azz, Home Cooking, Soul Kitchen, Soul Safari, Swinging Safari, Sahnesteif, Super Dufte!, Dampfnudel-Report). They got a thing that&#8217;s in the groove \u2026<\/p>\n\n\n\n<p>Soul, Funk, Boogaloo, Jazz, Rare Groove, Latin, Brazil, Popcorn, Jetset, Freakbeat<\/p>\n<\/div><\/div>\n\n\n\n<p class=\"has-large-font-size\"><strong>Samstag 22.06.2024, Einlass 15:00 Uhr<\/strong><\/p>\n\n\n\n<p class=\"has-medium-font-size\"><strong>Familiennachmittag:<\/strong><\/p>\n\n\n\n<p>Nachmittags gab es ein Rahmenprogramm f\u00fcr Kinder mit <strong>H\u00fcpfburg<\/strong> und mehr:<\/p>\n\n\n\n<p><\/p>\n\n\n\n<div class=\"wp-block-media-text alignwide has-media-on-the-right is-stacked-on-mobile\" style=\"grid-template-columns:auto 27%\"><div class=\"wp-block-media-text__content\">\n<p><strong>Schultour-Band der Musikzentrale<\/strong> (Kinder-Mitmachkonzert)<\/p>\n\n\n\n<p>Die Schultour-Band, m\u00f6chte Kindern und Jugendlichen Rock- und Popmusik nahe bringen. Auf dem Programm stehen gemeinsam Musik machen, Instrumente ausprobieren (E-Gitarre, Keyboard, Schlagzeug und Gesang), die Vorstellung der einzelnen Instrumente, der Technik, Wissenswertes \u00fcber das Leben eines Musikers, die Produktion aktueller Musik und die Arbeitsweise einer Band. Die Band besteht aus Dozenten der <a href=\"https:\/\/musikzentrale.net\/\">Musikschule \u201cMusikzentrale\u201d<\/a>, die mit ihren Programmen f\u00fcr Kinder und Jugendliche auch in den Schulen der Region unterwegs sind.<\/p>\n<\/div><figure class=\"wp-block-media-text__media\"><img loading=\"lazy\" decoding=\"async\" width=\"392\" height=\"112\" src=\"https:\/\/kig2018.kig-giessen.de\/wp-content\/uploads\/2024\/04\/Logo-MZ.png\" alt=\"\" class=\"wp-image-562 size-full\" srcset=\"https:\/\/kig2018.kig-giessen.de\/wp-content\/uploads\/2024\/04\/Logo-MZ.png 392w, https:\/\/kig2018.kig-giessen.de\/wp-content\/uploads\/2024\/04\/Logo-MZ-300x86.png 300w\" sizes=\"auto, (max-width: 392px) 100vw, 392px\" \/><\/figure><\/div>\n\n\n\n<div class=\"wp-block-media-text alignwide is-stacked-on-mobile\" style=\"grid-template-columns:30% auto\"><figure class=\"wp-block-media-text__media\"><img loading=\"lazy\" decoding=\"async\" width=\"1024\" height=\"1024\" src=\"https:\/\/kig2018.kig-giessen.de\/wp-content\/uploads\/2024\/04\/Logo_Papiertheater_300dpi-1024x1024.png\" alt=\"\" class=\"wp-image-561 size-full\" srcset=\"https:\/\/kig2018.kig-giessen.de\/wp-content\/uploads\/2024\/04\/Logo_Papiertheater_300dpi-1024x1024.png 1024w, https:\/\/kig2018.kig-giessen.de\/wp-content\/uploads\/2024\/04\/Logo_Papiertheater_300dpi-300x300.png 300w, https:\/\/kig2018.kig-giessen.de\/wp-content\/uploads\/2024\/04\/Logo_Papiertheater_300dpi-150x150.png 150w, https:\/\/kig2018.kig-giessen.de\/wp-content\/uploads\/2024\/04\/Logo_Papiertheater_300dpi-768x768.png 768w, https:\/\/kig2018.kig-giessen.de\/wp-content\/uploads\/2024\/04\/Logo_Papiertheater_300dpi-1536x1536.png 1536w, https:\/\/kig2018.kig-giessen.de\/wp-content\/uploads\/2024\/04\/Logo_Papiertheater_300dpi-2048x2048.png 2048w\" sizes=\"auto, (max-width: 1024px) 100vw, 1024px\" \/><\/figure><div class=\"wp-block-media-text__content\">\n<p><strong>Papiertheater &#8222;Kleine Auszeit&#8220;<\/strong>: Falsche T\u00f6ne in Musikalien<\/p>\n\n\n\n<p>Das <a href=\"https:\/\/www.papiertheaterkleineauszeit.de\/\">Papiertheater &#8222;Kleine Auszeit&#8220;<\/a> spielt das St\u00fcck &#8222;Falsche T\u00f6ne in Musikalien&#8220;<\/p>\n\n\n\n<p>Ein selbstgeschriebenes M\u00e4rchen, unterlegt mit einem aufwendigen H\u00f6rspiel,<br>unter Anderem mit den Stimmen von Tobi K\u00e4mmerer, Alice Hoffmann und Didi Beck -Boppin B<\/p>\n<\/div><\/div>\n\n\n\n<p class=\"has-medium-font-size\"><strong>Abendprogramm ab 18:00 Uhr<\/strong><br>Es spielten:<\/p>\n\n\n\n<div class=\"wp-block-media-text alignwide is-stacked-on-mobile\"><figure class=\"wp-block-media-text__media\"><img loading=\"lazy\" decoding=\"async\" width=\"1024\" height=\"768\" src=\"https:\/\/kig2018.kig-giessen.de\/wp-content\/uploads\/2024\/04\/A-Band-of-Pearls.jpeg\" alt=\"\" class=\"wp-image-583 size-full\" srcset=\"https:\/\/kig2018.kig-giessen.de\/wp-content\/uploads\/2024\/04\/A-Band-of-Pearls.jpeg 1024w, https:\/\/kig2018.kig-giessen.de\/wp-content\/uploads\/2024\/04\/A-Band-of-Pearls-300x225.jpeg 300w, https:\/\/kig2018.kig-giessen.de\/wp-content\/uploads\/2024\/04\/A-Band-of-Pearls-768x576.jpeg 768w\" sizes=\"auto, (max-width: 1024px) 100vw, 1024px\" \/><\/figure><div class=\"wp-block-media-text__content\">\n<p><strong>A Band Of Pearls<\/strong> (Rockoper\/Pop)<\/p>\n\n\n\n<p>Spielen Ausz\u00fcge aus ihrer Rockoper &#8222;Der Turm&#8220;<\/p>\n\n\n\n<p>Die \u201eBand of Pearls\u201c lassen das beinahe in Vergessenheit geratene Genre der Rockoper aufleben. Das Publikum wird von einem Erz\u00e4hler durch die Geschichte gef\u00fchrt. Eine Achtk\u00f6pfige Band mit 4 S\u00e4nger\/innen spielt die Songs aus der Rockoper. Stilistisch wird ein weit gef\u00e4chertes Spektrum abgedeckt. Rock\/Popsongs mit 3 bis 4 -stimmigen Chors\u00e4tzen, aber auch Anleihen aus Folk und Klassik finden hier einen Platz.<\/p>\n<\/div><\/div>\n\n\n\n<figure class=\"wp-block-image size-full\"><img loading=\"lazy\" decoding=\"async\" width=\"496\" height=\"118\" src=\"https:\/\/kig2018.kig-giessen.de\/wp-content\/uploads\/2024\/04\/ZagrebTitan_Banner-1.jpeg\" alt=\"\" class=\"wp-image-588\" srcset=\"https:\/\/kig2018.kig-giessen.de\/wp-content\/uploads\/2024\/04\/ZagrebTitan_Banner-1.jpeg 496w, https:\/\/kig2018.kig-giessen.de\/wp-content\/uploads\/2024\/04\/ZagrebTitan_Banner-1-300x71.jpeg 300w\" sizes=\"auto, (max-width: 496px) 100vw, 496px\" \/><\/figure>\n\n\n\n<p><strong>Zagreb Titan<\/strong> (Ska\/Punk\/Polka\/Pop)<\/p>\n\n\n\n<p>Die bekannte Gie\u00dfener Band spielt in neuer Besetzung: Zwei Frontfrauen, Gitarre, Bass, Drums und ein Bl\u00e4sersatz mit Posaune und Trompeten.<\/p>\n\n\n\n<div class=\"wp-block-media-text alignwide has-media-on-the-right is-stacked-on-mobile is-vertically-aligned-top\" style=\"grid-template-columns:auto 56%\"><div class=\"wp-block-media-text__content\">\n<p><strong>Marble Run Monkeys<\/strong> (Rock)<\/p>\n\n\n\n<p>Krachender UrangoTan-Rock aus Gie\u00dfen bringt die Kugeln ins Rollen\u2026 da bleibt kein \u00c4ffchen trocken!<\/p>\n<\/div><figure class=\"wp-block-media-text__media\"><img loading=\"lazy\" decoding=\"async\" width=\"1007\" height=\"711\" src=\"https:\/\/kig2018.kig-giessen.de\/wp-content\/uploads\/2024\/04\/MRM.jpeg\" alt=\"\" class=\"wp-image-584 size-full\" srcset=\"https:\/\/kig2018.kig-giessen.de\/wp-content\/uploads\/2024\/04\/MRM.jpeg 1007w, https:\/\/kig2018.kig-giessen.de\/wp-content\/uploads\/2024\/04\/MRM-300x212.jpeg 300w, https:\/\/kig2018.kig-giessen.de\/wp-content\/uploads\/2024\/04\/MRM-768x542.jpeg 768w\" sizes=\"auto, (max-width: 1007px) 100vw, 1007px\" \/><\/figure><\/div>\n\n\n\n<div class=\"wp-block-media-text alignwide is-stacked-on-mobile\"><figure class=\"wp-block-media-text__media\"><img loading=\"lazy\" decoding=\"async\" width=\"1024\" height=\"1024\" src=\"https:\/\/kig2018.kig-giessen.de\/wp-content\/uploads\/2024\/04\/Logo_Muskmelons-1024x1024.png\" alt=\"\" class=\"wp-image-585 size-full\" srcset=\"https:\/\/kig2018.kig-giessen.de\/wp-content\/uploads\/2024\/04\/Logo_Muskmelons-1024x1024.png 1024w, https:\/\/kig2018.kig-giessen.de\/wp-content\/uploads\/2024\/04\/Logo_Muskmelons-300x300.png 300w, https:\/\/kig2018.kig-giessen.de\/wp-content\/uploads\/2024\/04\/Logo_Muskmelons-150x150.png 150w, https:\/\/kig2018.kig-giessen.de\/wp-content\/uploads\/2024\/04\/Logo_Muskmelons-768x768.png 768w, https:\/\/kig2018.kig-giessen.de\/wp-content\/uploads\/2024\/04\/Logo_Muskmelons-1536x1536.png 1536w, https:\/\/kig2018.kig-giessen.de\/wp-content\/uploads\/2024\/04\/Logo_Muskmelons.png 2048w\" sizes=\"auto, (max-width: 1024px) 100vw, 1024px\" \/><\/figure><div class=\"wp-block-media-text__content\">\n<p><strong>The Muskmelons<\/strong> (Indie-Rock)<\/p>\n\n\n\n<p>Die Muskmelons machen Indie-Rock, sind female fronted und haben grade ihre erste EP &#8222;drunk conversations&#8220; ver\u00f6ffentlicht.<\/p>\n<\/div><\/div>\n\n\n\n<p><strong>Teichtourist<\/strong> (Deutschrock)<\/p>\n\n\n\n<p>Teichtourist schreiben deutschsprachige Musik, die eindeutig dem Rock-Genre zuzuordnen ist: Harte Gitarrenriffs, treibende Drums, kraftvoll, mitrei\u00dfend.<br>Die vier Musiker haben sich 2022 formiert und im selben Jahr drei erste Titel in Form von YouTube-Videos vero\u0308ffentlicht.<\/p>\n\n\n\n<p>Vier Typen mit vier musikalischen Vorlieben treffen aufeinander. Die Gemeinsamkeit liegt in der Musik ihrer Jugend. Das Ziel: Zur\u00fcck zu ihren Anf\u00e4ngen. Die Zutaten: das Beste ihres Musikgeschmacks. Was dabei heraus kommt ist die gelungene Symbiose aus Verspieltheit, harten Gitarrenriffs, treibenden Drums und der deutschen Sprache, die dieser Musik eine markante Note aufdr\u00fcckt und in diesem Genre immer noch Seltenheit genie\u00dft.<\/p>\n\n\n\n<figure class=\"wp-block-image size-large is-resized\"><img loading=\"lazy\" decoding=\"async\" src=\"https:\/\/kig2018.kig-giessen.de\/wp-content\/uploads\/2024\/04\/bild-1024x684.jpg\" alt=\"\" class=\"wp-image-587\" width=\"841\" height=\"562\" srcset=\"https:\/\/kig2018.kig-giessen.de\/wp-content\/uploads\/2024\/04\/bild-1024x684.jpg 1024w, https:\/\/kig2018.kig-giessen.de\/wp-content\/uploads\/2024\/04\/bild-300x200.jpg 300w, https:\/\/kig2018.kig-giessen.de\/wp-content\/uploads\/2024\/04\/bild-768x513.jpg 768w, https:\/\/kig2018.kig-giessen.de\/wp-content\/uploads\/2024\/04\/bild.jpg 1381w\" sizes=\"auto, (max-width: 841px) 100vw, 841px\" \/><\/figure>\n\n\n\n<div class=\"wp-block-media-text alignwide has-media-on-the-right is-stacked-on-mobile\" style=\"grid-template-columns:auto 21%\"><div class=\"wp-block-media-text__content\">\n<p><strong>anschlie\u00dfend Aftershow Party<\/strong> mit den <strong>DJs Herr Paschulke<\/strong> und <strong>u.n.c.l.e. <\/strong><\/p>\n\n\n\n<p>Plattensammler und Connoisseure, Teil der legend\u00e4ren Soul Trinity. Sie waren im Team in der Vergangenheit zu h\u00f6ren und sehen in Marburg, Fulda, Frankfurt, Berlin und Gie\u00dfen (Jazz your Azz, Home Cooking, Soul Kitchen, Soul Safari, Swinging Safari, Sahnesteif, Super Dufte!, Dampfnudel-Report). They got a thing that&#8217;s in the groove \u2026<\/p>\n\n\n\n<p>Soul, Funk, Boogaloo, Jazz, Rare Groove, Latin, Brazil, Popcorn, Jetset, Freakbeat<\/p>\n<\/div><figure class=\"wp-block-media-text__media\"><img loading=\"lazy\" decoding=\"async\" width=\"425\" height=\"425\" src=\"https:\/\/kig2018.kig-giessen.de\/wp-content\/uploads\/2024\/04\/jazzyourazz-1.png\" alt=\"\" class=\"wp-image-570 size-full\" srcset=\"https:\/\/kig2018.kig-giessen.de\/wp-content\/uploads\/2024\/04\/jazzyourazz-1.png 425w, https:\/\/kig2018.kig-giessen.de\/wp-content\/uploads\/2024\/04\/jazzyourazz-1-300x300.png 300w, https:\/\/kig2018.kig-giessen.de\/wp-content\/uploads\/2024\/04\/jazzyourazz-1-150x150.png 150w\" sizes=\"auto, (max-width: 425px) 100vw, 425px\" \/><\/figure><\/div>\n\n\n\n<p><strong>Verpflegung:<\/strong><\/p>\n\n\n\n<div class=\"wp-block-media-text alignwide is-stacked-on-mobile\" style=\"grid-template-columns:42% auto\"><figure class=\"wp-block-media-text__media\"><img loading=\"lazy\" decoding=\"async\" width=\"1024\" height=\"585\" src=\"https:\/\/kig2018.kig-giessen.de\/wp-content\/uploads\/2024\/04\/Logo-SL-1024x585.jpg\" alt=\"\" class=\"wp-image-563 size-full\" srcset=\"https:\/\/kig2018.kig-giessen.de\/wp-content\/uploads\/2024\/04\/Logo-SL-1024x585.jpg 1024w, https:\/\/kig2018.kig-giessen.de\/wp-content\/uploads\/2024\/04\/Logo-SL-300x171.jpg 300w, https:\/\/kig2018.kig-giessen.de\/wp-content\/uploads\/2024\/04\/Logo-SL-768x439.jpg 768w, https:\/\/kig2018.kig-giessen.de\/wp-content\/uploads\/2024\/04\/Logo-SL.jpg 1050w\" sizes=\"auto, (max-width: 1024px) 100vw, 1024px\" \/><\/figure><div class=\"wp-block-media-text__content\">\n<p>Wie schon im letzten Jahr gibt es leckeres Essen am Imbisstand von<strong> <\/strong><a href=\"https:\/\/www.facebook.com\/profile.php?id=61552074773771\"><strong>Schmegge Lasse<\/strong> <\/a>und wie immer g\u00fcnstige Getr\u00e4nke an unserer Theke.<\/p>\n<\/div><\/div>\n\n\n\n<p><strong>Weitere Infos zum YA HOZNA:<\/strong><\/p>\n\n\n\n<p>Das Sommerfestival existiert seit 2002 und fand seither mit wenigen Unterbrechungen j\u00e4hrlich statt. An zwei Tagen erwartet die Besucher in lockerer Umgebung Livemusik von KiG-Bands und G\u00e4sten.<\/p>\n\n\n\n<p>Mit freundlicher Unterst\u00fctzung der Stadt Gie\u00dfen<\/p>\n\n\n\n<figure class=\"wp-block-image size-full is-resized\"><a href=\"https:\/\/www.giessen.de\/\"><img loading=\"lazy\" decoding=\"async\" src=\"https:\/\/kig2018.kig-giessen.de\/wp-content\/uploads\/2024\/03\/giessen-logo.png\" alt=\"\" class=\"wp-image-542\" width=\"304\" height=\"118\" srcset=\"https:\/\/kig2018.kig-giessen.de\/wp-content\/uploads\/2024\/03\/giessen-logo.png 716w, https:\/\/kig2018.kig-giessen.de\/wp-content\/uploads\/2024\/03\/giessen-logo-300x117.png 300w\" sizes=\"auto, (max-width: 304px) 100vw, 304px\" \/><\/a><\/figure>\n\n\n\n<hr class=\"wp-block-separator has-alpha-channel-opacity\"\/>\n\n\n\n<p><\/p>\n\n\n\n<p><a href=\"http:\/\/www.festivalhopper.de\/\" target=\"_blank\" title=\"Festivalhopper Festivals\" rel=\"noopener\"><img loading=\"lazy\" decoding=\"async\" src=\"\/\/www.festivalhopper.de\/gfx\/new\/festivalhopper-full.jpg\" width=\"468\" height=\"60\" border=\"0\"><\/a><\/p>\n\n\n\n<a href=\"https:\/\/www.festivalticker.de\/\" target=\"_blank\" rel=\"noopener\"><img loading=\"lazy\" decoding=\"async\" width=\"120\" height=\"42\" border=\"0\" src=\"https:\/\/www.festivalticker.de\/banner\/120-42-1.jpg\" alt=\"Festivals im Festivalticker\" title=\"Festivals im Festivalticker\" \/><\/a>\n","protected":false},"excerpt":{"rendered":"<p>YA-HOZNA ist das Sommerfest der Kulturinitiative Gie\u00dfen &#8211; ein Open Air mit zwei Tagen Live-Musik, bei dem haupts\u00e4chlich Bands auftreten, die in den R\u00e4umen der KiG proben. Der Eintritt ist kostenlos. Veranstaltungsort: Netanyasta\u00dfe 2, Europaviertel, Gie\u00dfen Im Jahr 2024 fand YA HOZNA am Freitag, dem 21.06. und Samstag, dem 22.06. statt. Am Samstagnachmittag gab es<br \/><span class=\"excerpt_more\"><a href=\"https:\/\/kig2018.kig-giessen.de\/?page_id=422\">[continue reading&#8230;]<\/a><\/span><\/p>\n","protected":false},"author":3,"featured_media":0,"parent":0,"menu_order":0,"comment_status":"closed","ping_status":"closed","template":"onecolumn-page.php","meta":{"footnotes":""},"class_list":["post-422","page","type-page","status-publish","hentry"],"_links":{"self":[{"href":"https:\/\/kig2018.kig-giessen.de\/index.php?rest_route=\/wp\/v2\/pages\/422","targetHints":{"allow":["GET"]}}],"collection":[{"href":"https:\/\/kig2018.kig-giessen.de\/index.php?rest_route=\/wp\/v2\/pages"}],"about":[{"href":"https:\/\/kig2018.kig-giessen.de\/index.php?rest_route=\/wp\/v2\/types\/page"}],"author":[{"embeddable":true,"href":"https:\/\/kig2018.kig-giessen.de\/index.php?rest_route=\/wp\/v2\/users\/3"}],"replies":[{"embeddable":true,"href":"https:\/\/kig2018.kig-giessen.de\/index.php?rest_route=%2Fwp%2Fv2%2Fcomments&post=422"}],"version-history":[{"count":33,"href":"https:\/\/kig2018.kig-giessen.de\/index.php?rest_route=\/wp\/v2\/pages\/422\/revisions"}],"predecessor-version":[{"id":612,"href":"https:\/\/kig2018.kig-giessen.de\/index.php?rest_route=\/wp\/v2\/pages\/422\/revisions\/612"}],"wp:attachment":[{"href":"https:\/\/kig2018.kig-giessen.de\/index.php?rest_route=%2Fwp%2Fv2%2Fmedia&parent=422"}],"curies":[{"name":"wp","href":"https:\/\/api.w.org\/{rel}","templated":true}]}}